der when 77 is divided by 39.
38
Calculate the remainder when 225 is divided by 68.
21
Calculate the remainder when 589 is divided by 292.
5
What is the remainder when 254 is divided by 15?
14
Calculate the remainder when 371 is divided by 48.
35
Calculate the remainder when 204 is divided by 15.
9
What is the remainder when 40 is divided by 19?
2
Calculate the remainder when 4253 is divided by 16.
13
What is the remainder when 375 is divided by 13?
11
What is the remainder when 2087 is divided by 22?
19
Calculate the remainder when 89 is divided by 13.
11
Calculate the remainder when 376 is divided by 100.
76
Calculate the remainder when 59 is divided by 49.
10
Calculate the remainder when 1995 is divided by 96.
75
Calculate the remainder when 511 is divided by 47.
41
What is the remainder when 19 is divided by 8?
3
What is the remainder when 476 is divided by 97?
88
Calculate the remainder when 882 is divided by 371.
140
What is the remainder when 417 is divided by 184?
49
Calculate the remainder when 831 is divided by 286.
259
What is the remainder when 1493 is divided by 34?
31
Calculate the remainder when 200 is divided by 72.
56
Calculate the remainder when 150 is divided by 38.
36
Calculate the remainder when 219 is divided by 121.
98
Calculate the remainder when 54 is divided by 17.
3
Calculate the remainder when 634 is divided by 13.
10
What is the remainder when 183 is divided by 31?
28
What is the remainder when 1809 is divided by 300?
9
What is the remainder when 342 is divided by 49?
48
Calculate the remainder when 176 is divided by 50.
26
Calculate the remainder when 118 is divided by 45.
28
Calculate the remainder when 192 is divided by 155.
37
What is the remainder when 9036 is divided by 1805?
11
Calculate the remainder when 384 is divided by 188.
8
Calculate the remainder when 626 is divided by 19.
18
Calculate the remainder when 536 is divided by 35.
11
What is the remainder when 237 is divided by 48?
45
Calculate the remainder when 66 is divided by 35.
31
Calculate the remainder when 277 is divided by 93.
91
What is the remainder when 10358 is divided by 22?
18
What is the remainder when 1527 is divided by 69?
9
Calculate the remainder when 1030 is divided by 506.
18
Calculate the remainder when 1251 is divided by 76.
35
Calculate the remainder when 2034 is divided by 226.
0
What is the remainder when 166 is divided by 10?
6
Calculate the remainder when 73 is divided by 38.
35
What is the remainder when 125 is divided by 32?
29
Calculate the remainder when 149 is divided by 46.
11
Calculate the remainder when 500 is divided by 104.
84
Calculate the remainder when 6065 is divided by 62.
51
Calculate the remainder when 277 is divided by 71.
64
Calculate the remainder when 594 is divided by 46.
42
What is the remainder when 1083 is divided by 234?
147
Calculate the remainder when 126 is divided by 45.
36
Calculate the remainder when 316 is divided by 76.
12
What is the remainder when 1426 is divided by 284?
6
Calculate the remainder when 810 is divided by 34.
28
Calculate the remainder when 4367 is divided by 208.
207
Calculate the remainder when 110 is divided by 19.
15
Calculate the remainder when 217 is divided by 20.
17
What is the remainder when 474 is divided by 32?
26
What is the remainder when 59 is divided by 8?
3
What is the remainder when 3590 is divided by 46?
2
What is the remainder when 121 is divided by 31?
28
Calculate the remainder when 1019 is divided by 10.
9
What is the remainder when 1443 is divided by 131?
2
What is the remainder when 486 is divided by 81?
0
What is the remainder when 108 is divided by 14?
10
Calculate the remainder when 2200 is divided by 99.
22
What is the remainder when 1149 is divided by 96?
93
Calculate the remainder when 1578 is divided by 391.
14
What is the remainder when 8087 is divided by 426?
419
What is the remainder when 3827 is divided by 30?
17
What is the remainder when 96 is divided by 11?
8
What is the remainder when 78 is divided by 19?
2
What is the remainder when 509 is divided by 242?
25
What is the remainder when 244 is divided by 31?
27
Calculate the remainder when 637 is divided by 135.
97
What is the remainder when 213 is divided by 64?
21
What is the remainder when 668 is divided by 178?
134
Calculate the remainder when 14999 is divided by 10.
9
What is the remainder when 201 is divided by 52?
45
What is the remainder when 202 is divided by 52?
46
Calculate the remainder when 884 is divided by 5.
4
Calculate the remainder when 142 is divided by 55.
32
What is the remainder when 788 is divided by 182?
60
Calculate the remainder when 49 is divided by 38.
11
Calculate the remainder when 6657 is divided by 37.
34
Calculate the remainder when 2445 is divided by 43.
37
What is the remainder when 544 is divided by 91?
89
Calculate the remainder when 491 is divided by 67.
22
What is the remainder when 10094 is divided by 153?
149
Calculate the remainder when 132 is divided by 68.
64
What is the remainder when 4406 is divided by 76?
74
What is the remainder when 1546 is divided by 223?
208
What is the remainder when 79 is divided by 50?
29
What is the remainder when 371 is divided by 172?
27
Calculate the remainder when 5139 is divided by 53.
51
Calculate the remainder when 353 is divided by 19.
11
Calculate the remainder when 407 is divided by 3.
2
What is the remainder when 1116 is divided by 51?
45
Calculate the remainder when 57154 is divided by 35.
34
What is the remainder when 133 is divided by 14?
7
What is the remainder when 2898 is divided by 9?
0
Calculate the remainder when 274 is divided by 147.
127
Calculate the remainder when 5322 is divided by 44.
42
What is the remainder when 219 is divided by 10?
9
What is the remainder when 81 is divided by 22?
15
What is the remainder when 103 is divided by 27?
22
What is the remainder when 57 is divided by 20?
17
Calculate the remainder when 702 is divided by 17.
5
Calculate the remainder when 549 is divided by 12.
9
Calculate the remainder when 1411 is divided by 466.
13
Calculate the remainder when 87 is divided by 10.
7
Calculate the remainder when 2128 is divided by 51.
37
Calculate the remainder when 154 is divided by 13.
11
Calculate the remainder when 35 is divided by 1.
0
What is the remainder when 65854 is divided by 448?
446
Calculate the remainder when 1407 is divided by 30.
27
What is the remainder when 254 is divided by 40?
14
What is the remainder when 713 is divided by 54?
11
What is the remainder when 22 is divided by 5?
2
Calculate the remainder when 76 is divided by 28.
20
What is the remainder when 354 is divided by 60?
54
What is the remainder when 940 is divided by 307?
19
What is the remainder when 2198 is divided by 88?
86
Calculate the remainder when 153 is divided by 9.
0
What is the remainder when 233 is divided by 40?
33
What is the remainder when 2815 is divided by 32?
31
Calculate the remainder when 2602 is divided by 6.
4
What is the remainder when 272 is divided by 13?
12
What is the remainder when 2334 is divided by 26?
20
What is the remainder when 746 is divided by 187?
185
What is the remainder when 88 is divided by 17?
3
What is the remainder when 2762 is divided by 79?
76
Calculate the remainder when 20788 is divided by 66.
64
Calculate the remainder when 616 is divided by 43.
14
What is the remainder when 4387 is divided by 877?
2
What is the remainder when 393 is divided by 106?
75
Calculate the remainder when 308 is divided by 118.
72
Calculate the remainder when 206 is divided by 3.
2
What is the remainder when 773 is divided by 127?
11
Calculate the remainder when 189 is divided by 34.
19
What is the remainder when 148 is divided by 85?
63
Calculate the remainder when 786 is divided by 44.
38
What is the remainder when 59 is divided by 4?
3
Calculate the remainder when 29 is divided by 2.
1
Calculate the remainder when 172 is divided by 65.
42
Calculate the remainder when 985 is divided by 43.
39
Calculate the remainder when 104 is divided by 13.
0
What is the remainder when 604 is divided by 290?
24
What is the remainder when 76 is divided by 26?
24
Calculate the remainder when 852 is divided by 277.
21
What is the remainder when 159 is divided by 3?
0
Calculate the rema